-5)?
7
Let z = 237 + -122. Let x be (-3 - -6) + 0 + -1. Suppose 5*g = -5*w + z, -3*w = -5*g - x*w + 103. What is the units digit of g?
1
Let k be 2 - 2 - -4*(11 + -4). Suppose -33*i + 310 = -k*i. What is the units digit of i?
2
Let f(k) = k**3 - 21*k**2 + 5*k - 18. Let d be f(21). Let u = d - -25. What is the units digit of u?
2
Suppose 5*f + 2*a - 3961 = 2499, 2593 = 2*f - a. What is the units digit of f?
4
Let y = 1282 - -3677. What is the hundreds digit of y?
9
What is the tens digit of 4/(16/(-28)) + 416?
0
Let v be 2*2/(8/74). Suppose 22*k + 100 = -450. Let o = v + k. What is the units digit of o?
2
Let j = -12 - -17. Suppose -j*k = -87 - 58. Let p = k + -15. What is the units digit of p?
4
Let g(m) = -2*m**3 - 48*m**2 + 12*m + 46. What is the hundreds digit of g(-25)?
9
Let k(z) = z**2 - 19*z + 23. Let s be k(18). Suppose 10*h = 11*h - s, -2*a + 238 = -4*h. What is the tens digit of a?
2
Let m(w) = -2*w**2 + 2*w. Suppose 2 = -d, p + 14 = -4*d + 2. Let q be m(p). Let v = -26 - q. What is the units digit of v?
4
Let o = -251 - -65. Let p = o + 317. What is the tens digit of p?
3
Suppose 2*b + 3 = 11. Suppose z = b*z + 6. Let v = z + 7. What is the units digit of v?
5
Let q(u) = u**2 + 8*u + 7. Let s be 1/((12/3)/(-28)). Let v be q(s). Suppose -p = -3*y - v*y + 115, -3*y = 5*p - 109. What is the units digit of y?
8
Let v be -1 + 3 + -3 - -127. Let u = v - 68. What is the tens digit of u?
5
Let i = 612 + -316. What is the hundreds digit of i?
2
Suppose 3*o + 9 = -3*c, -5*o = -4*o + 5*c + 19. Let r(z) = -1 + 4 - 2*z + o - 1 + 6*z**2. What is the units digit of r(-3)?
3
Let z be 0/1 + -1 + 2. Let o(j) = 2 + 35*j - 4 - 6 + 4 + 3. What is the tens digit of o(z)?
3
Suppose 0 = -v + 4*d - 116, -3*v + 6*v = -5*d - 331. Let o = -48 - v. What is the units digit of o?
4
What is the tens digit of (2 + -3)*(-2 - 0 - 27)?
2
Let z = 902 - -219. What is the units digit of z?
1
Let f(n) = 290*n + 28. What is the tens digit of f(4)?
8
Let i(b) = -b**2 + 13*b - 10. Suppose -3*k = 3*j - 12, -4*j = 4*k - k - 11. Let u(m) = -m**3 + 4*m**2 + 7*m - 2. Let g be u(k). What is the units digit of i(g)?
0
Suppose -115 = -3*l + 224. Let h = l - 35. What is the units digit of h?
8
Let j = 17 - 26. Let i = j + 31. Suppose 4*z - 50 - i = 0. What is the tens digit of z?
1
Suppose 5*x + z - 3660 = 0, -3*x - 2*x + 3660 = -5*z. What is the hundreds digit of x?
7
Suppose -411 = -u - h, u + 2*u - 2*h - 1223 = 0. What is the units digit of u?
9
Suppose 36 = n + 13. Suppose 4*t = -5*u + 129 - n, 3*u + 4*t - 70 = 0. What is the units digit of u?
8
Let w(o) = -116*o**2 - o - 2. Let p be w(-2). Let g be (-32)/80 + p/(-10). Let v = g + 2. What is the tens digit of v?
4
Let j = -1957 + 3230. What is the units digit of j?
3
Let x(c) = -168*c - 45. What is the hundreds digit of x(-2)?
2
Suppose 0 = -4*q + r + 18, -2*r = 3*q + r - 6. Suppose -1 = -4*y - 5*d - 30, -q*y = -d - 1. What is the units digit of (67 - -1) + (1 - y)?
0
Suppose -16*r - 3934 = -3*u - 15*r, -5242 = -4*u + 2*r. What is the hundreds digit of u?
3
Let t = 27 - 5. Suppose 0 = 5*j - 38 - t. What is the tens digit of (-2)/j - (-815)/30?
2
Let k be 0/(4*1/(-2)). Suppose 2*z = -k*z + 20. What is the tens digit of 12/(-15) - (-328)/z?
3
Suppose -5*l + 5*h = -15, 0 = l - 3*l + 5*h. Suppose l*k + 3*j + 913 = 0, 0*j = -2*k - 2*j - 362. What is the tens digit of (k/(-10))/(1/2)?
3
Let p(j) = 140*j + 16. Let y be p(4). Suppose q + 2*q - 423 = 3*i, i = 4*q - y. What is the tens digit of q?
4
Let s(i) = -i**3 + 14*i**2 + 15*i + 3. Let b be s(15). Suppose b*u + 3*u - 342 = 0. What is the units digit of u?
7
Suppose -z + 2*z = -2, 5*l + z = 11008. What is the tens digit of l?
0
Suppose 0 = 4*f + 4*i - 1432, -6*i + 8*i = 5*f - 1811. What is the units digit of f?
1
Suppose -3*p + 560 = 2*c, 5*p = 3*c + c - 1142. What is the units digit of c?
3
Let d(y) = -y**2 - 2*y + 14. Let m(h) = -h - 1. Let f(u) = -d(u) - 4*m(u). Let s be f(-7). What is the units digit of s*(4 - 35/3)?
3
Suppose 20*q - 15425 = 15*q. What is the thousands digit of q?
3
Let n(w) = 2*w**3 - 7*w**2 + 6*w + 29. What is the tens digit of n(7)?
1
Suppose -2*o + 904 + 272 = 0. What is the tens digit of o?
8
Suppose -5*a - 4*q + 10770 = -2*a, 14350 = 4*a + 2*q. What is the tens digit of a?
8
What is the units digit of (-111*6/18)/((-1)/1)?
7
Suppose -3*s = -6, 5*w + 24 = w + 2*s. Suppose z = -2*j + 24, z = 4*j - z - 32. What is the tens digit of j/25 - 163/w?
3
Let m = 40 + -40. Suppose -4*t = -m*t - 16, -5*c - 5*t + 470 = 0. What is the tens digit of c?
9
Let v = -39 - -79. Let b = -83 + v. Let n = -19 - b. What is the units digit of n?
4
Let w(d) = -4*d. Let j = -18 + 3. Let z = 14 + j. What is the units digit of w(z)?
4
Let z(a) = -9*a**2 + 15*a**2 - 4*a**3 + 4 + 3*a**3 - 6*a + a**2. Suppose q - 9 + 3 = 0. What is the units digit of z(q)?
4
Let l = -2 + 0. Let v = l - -6. Suppose -v*z = d - 12, 2*d - 15 = z - 6*z. What is the units digit of z?
3
Let m be (-20)/(-30)*(5 + -2). Suppose m*g - 341 = -75. What is the tens digit of g?
3
Let y(u) = -1160*u - 12. Let l be y(-3). Suppose 18*x - l = x. What is the hundreds digit of x?
2
Let j = -490 + 785. What is the hundreds digit of j?
2
Let v(a) = -a**2 + 3*a. Let w(f) = -3*f**2 + 8*f + 1. Let l(k) = 17*v(k) - 6*w(k). Let q be l(-5). What is the tens digit of 21 - (3 - q) - 1?
2
Let a be -2*2*1/(-2). Let z(q) = -27*q + 2. Let o be z(a). Let i = 80 + o. What is the units digit of i?
8
What is the units digit of 10 + -7 + 3 + 241?
7
Let o = -59 + 64. Suppose -y = -97 - o. What is the units digit of y?
2
Suppose 0 = -g - g + 18. What is the units digit of (3/g - 0) + (-1988)/(-21)?
5
Suppose 3*m + 8046 = 5*f, -1934 + 335 = -f + 4*m. What is the thousands digit of f?
1
What is the thousands digit of 1142/((-6)/18*-2) - 2?
1
Suppose -37 = -4*t - v, 2*t - 4*v + 4 + 0 = 0. Let y be (-3*2)/(-1) + -1. Suppose n - t = -i, -4*i - y - 3 = 0. What is the units digit of n?
0
Suppose 6*m - 3531 = 3*m + 3*q, -5*q + 3531 = 3*m. What is the thousands digit of m?
1
Let h be -2*(-1)/2*0. Suppose 0 = -5*a + 2*v - 7 + 38, -12 = 4*v. Suppose h = a*j - 14 - 51. What is the units digit of j?
3
Let m be 1/3 + (-4)/(-6) + 263. Suppose -3*k + 118 = 2*v, k - 2*k = -4*v + m. What is the tens digit of v?
6
What is the units digit of 3046/2 + -29 + 35?
9
Let w be (-1)/(-1 - (-42)/39). Let c(z) = -5*z + 44. What is the hundreds digit of c(w)?
1
Let p = -16 - -18. Let y(l) = -6*l**p + 2*l**2 - l + 3 - 1 + 64*l**3 + 3*l**2. What is the units digit of y(1)?
4
Let p(d) = d**2 - 10*d. Let u be p(10). Suppose 2*a - 4*a - 4*y - 2 = 0, -2*a + 5*y + 16 = u. What is the units digit of a?
3
Suppose 37*a - 8067 = 8731. What is the tens digit of a?
5
Let c = -503 + 518. Let t = 20 + -12. Let b = t + c. What is the units digit of b?
3
Let j(o) = -24 + o**2 + 29 + 3*o - 16*o. Let v be j(14). Suppose n + 6 = v. What is the units digit of n?
3
Let f = 28 - 26. Suppose f*c - 157 = -5*l + 228, -4*c - 355 = -5*l. What is the units digit of l?
5
Suppose 0 = -12*r - 91*r + 127205. What is the hundreds digit of r?
2
What is the hundreds digit of 45756/(9 + 3) + -11?
8
Let p(u) = -u**2 - 5*u + 16. Suppose -5*c - 5*q = 55, 0 = -4*c - q - 44 + 12. What is the units digit of p(c)?
2
What is the hundreds digit of -5 - ((542*-5)/5 + -1)?
5
Let a(z) = -2*z**3 + 12*z**2 + 3*z - 9. Let l be a(6). Suppose l = 2*r - 33. What is the tens digit of r?
2
Suppose 0 = -4*s - 5*l - 0*l + 13, -3*s + 6 = 3*l. Let v(g) = -g**3 - g**2 - 4*g. What is the units digit of v(s)?
0
What is the units digit of 16370/30 + 3/9?
6
Let o(m) = 11*m**3 - m**2 + 8*m - 8. Let x be o(6). What is the units digit of x/18 + 6/(-27) + 0?
2
Suppose m = -5*x - 1 + 29, -x + m = -8. Suppose -a + 2*v = -135, -a - 2*v + x*v + 131 = 0. What is the units digit of a?
9
Suppose -3*t - 28 - 17 = 0. Let h = t + 34. What is the units digit of h?
9
Let g(z) be the first derivative of z**5/60 + 5*z**4/24 - 2*z**3/3 - 1. Let l(u) be the third derivative of g(u). What is the units digit of l(12)?
9
Suppose 275 = 2*p - 117. What is the hundreds digit of p?
1
Let o = -371 + 390. What is the tens digit of o?
1
Let t = 462 + -406. What is the tens digit of t?
5
Suppose k = 5*a - 11396, -2*a = -0*k - 2*k - 4560. What is the hundreds digit of